{"id":3350,"date":"2022-05-11T15:10:55","date_gmt":"2022-05-11T13:10:55","guid":{"rendered":"https:\/\/www.srz-brezno.sk\/?page_id=3350"},"modified":"2022-06-10T16:04:41","modified_gmt":"2022-06-10T14:04:41","slug":"zoznam-prihlasenych-pretekarov-2","status":"publish","type":"page","link":"https:\/\/www.srz-brezno.sk\/?page_id=3350","title":{"rendered":"Zoznam prihl\u00e1sen\u00fdch pretek\u00e1rov"},"content":{"rendered":"\n<p>\u00a0<\/p>\n<table style=\"border-collapse: collapse; width: 100%; height: 690px;\">\n<tbody>\n<tr style=\"height: 23px;\">\n<td style=\"width: 11.7816%; text-align: center; height: 23px;\"><span style=\"color: #000080;\">1.<\/span><\/td>\n<td style=\"width: 41.4367%; height: 23px;\">Matej Melicher<\/td>\n<td style=\"width: 46.7816%; height: 23px;\">\u00a0<\/td>\n<\/tr>\n<tr style=\"height: 23px;\">\n<td style=\"width: 11.7816%; text-align: center; height: 23px;\"><span style=\"color: #000080;\">2.<\/span><\/td>\n<td style=\"width: 41.4367%; height: 23px;\">D\u00e1vid Krella<\/td>\n<td style=\"width: 46.7816%; height: 23px;\">\u00a0<\/td>\n<\/tr>\n<tr style=\"height: 23px;\">\n<td style=\"width: 11.7816%; text-align: center; height: 23px;\"><span style=\"color: #000080;\">3.<\/span><\/td>\n<td style=\"width: 41.4367%; height: 23px;\">Martin Riapo\u0161<\/td>\n<td style=\"width: 46.7816%; height: 23px;\">\u00a0<\/td>\n<\/tr>\n<tr style=\"height: 23px;\">\n<td style=\"width: 11.7816%; text-align: center; height: 23px;\"><span style=\"color: #000080;\">4.<\/span><\/td>\n<td style=\"width: 41.4367%; height: 23px;\">Vladim\u00edr Hron\u010dek<\/td>\n<td style=\"width: 46.7816%; height: 23px;\">\u00a0<\/td>\n<\/tr>\n<tr style=\"height: 23px;\">\n<td style=\"width: 11.7816%; text-align: center; height: 23px;\"><span style=\"color: #000080;\">5.<\/span><\/td>\n<td style=\"width: 41.4367%; height: 23px;\">J\u00e1n Harvanka st.<\/td>\n<td style=\"width: 46.7816%; height: 23px;\">&#8211; odhl\u00e1sen\u00fd<\/td>\n<\/tr>\n<tr style=\"height: 23px;\">\n<td style=\"width: 11.7816%; text-align: center; height: 23px;\"><span style=\"color: #000080;\">6.<\/span><\/td>\n<td style=\"width: 41.4367%; height: 23px;\">Peter Chabada<\/td>\n<td style=\"width: 46.7816%; height: 23px;\">\u00a0<\/td>\n<\/tr>\n<tr style=\"height: 23px;\">\n<td style=\"width: 11.7816%; text-align: center; height: 23px;\"><span style=\"color: #000080;\">7.<\/span><\/td>\n<td style=\"width: 41.4367%; height: 23px;\">Dominik Brozman<\/td>\n<td style=\"width: 46.7816%; height: 23px;\">\u00a0<\/td>\n<\/tr>\n<tr style=\"height: 23px;\">\n<td style=\"width: 11.7816%; text-align: center; height: 23px;\"><span style=\"color: #000080;\">8.<\/span><\/td>\n<td style=\"width: 41.4367%; height: 23px;\">Marek \u010eurica<\/td>\n<td style=\"width: 46.7816%; height: 23px;\">\u00a0<\/td>\n<\/tr>\n<tr style=\"height: 23px;\">\n<td style=\"width: 11.7816%; text-align: center; height: 23px;\"><span style=\"color: #000080;\">9.<\/span><\/td>\n<td style=\"width: 41.4367%; height: 23px;\">Jaroslav Tur\u010din<\/td>\n<td style=\"width: 46.7816%; height: 23px;\">\u00a0<\/td>\n<\/tr>\n<tr style=\"height: 23px;\">\n<td style=\"width: 11.7816%; text-align: center; height: 23px;\"><span style=\"color: #000080;\">10.<\/span><\/td>\n<td style=\"width: 41.4367%; height: 23px;\">Marian Haz\u00e1k<\/td>\n<td style=\"width: 46.7816%; height: 23px;\">\u00a0<\/td>\n<\/tr>\n<tr style=\"height: 23px;\">\n<td style=\"width: 11.7816%; text-align: center; height: 23px;\"><span style=\"color: #000080;\">11.<\/span><\/td>\n<td style=\"width: 41.4367%; height: 23px;\">Michal Rusko<\/td>\n<td style=\"width: 46.7816%; height: 23px;\">\u00a0<\/td>\n<\/tr>\n<tr style=\"height: 23px;\">\n<td style=\"width: 11.7816%; text-align: center; height: 23px;\"><span style=\"color: #000080;\">12.<\/span><\/td>\n<td style=\"width: 41.4367%; height: 23px;\">Jozef Piliar<\/td>\n<td style=\"width: 46.7816%; height: 23px;\">\u00a0<\/td>\n<\/tr>\n<tr style=\"height: 23px;\">\n<td style=\"width: 11.7816%; text-align: center; height: 23px;\"><span style=\"color: #000080;\">13.<\/span><\/td>\n<td style=\"width: 41.4367%; height: 23px;\">Marek Mucha<\/td>\n<td style=\"width: 46.7816%; height: 23px;\">\u00a0<\/td>\n<\/tr>\n<tr style=\"height: 23px;\">\n<td style=\"width: 11.7816%; text-align: center; height: 23px;\"><span style=\"color: #000080;\">14.<\/span><\/td>\n<td style=\"width: 41.4367%; height: 23px;\">\u0160tefan \u0160kant\u00e1r<\/td>\n<td style=\"width: 46.7816%; height: 23px;\">\u00a0<\/td>\n<\/tr>\n<tr style=\"height: 23px;\">\n<td style=\"width: 11.7816%; text-align: center; height: 23px;\"><span style=\"color: #000080;\">15.<\/span><\/td>\n<td style=\"width: 41.4367%; height: 23px;\">Mat\u00fa\u0161 Olo\u0161tiak<\/td>\n<td style=\"width: 46.7816%; height: 23px;\">\u00a0<\/td>\n<\/tr>\n<tr style=\"height: 23px;\">\n<td style=\"width: 11.7816%; text-align: center; height: 23px;\"><span style=\"color: #000080;\">16.<\/span><\/td>\n<td style=\"width: 41.4367%; height: 23px;\">Martin Zl\u00faky ml.<\/td>\n<td style=\"width: 46.7816%; height: 23px;\">\u00a0<\/td>\n<\/tr>\n<tr style=\"height: 23px;\">\n<td style=\"width: 11.7816%; text-align: center; height: 23px;\"><span style=\"color: #000080;\">17.<\/span><\/td>\n<td style=\"width: 41.4367%; height: 23px;\">Michal \u010eurica<\/td>\n<td style=\"width: 46.7816%; height: 23px;\">\u00a0<\/td>\n<\/tr>\n<tr style=\"height: 23px;\">\n<td style=\"width: 11.7816%; text-align: center; height: 23px;\"><span style=\"color: #000080;\">18.<\/span><\/td>\n<td style=\"width: 41.4367%; height: 23px;\">Jozef \u010eurica<\/td>\n<td style=\"width: 46.7816%; height: 23px;\">\u00a0<\/td>\n<\/tr>\n<tr style=\"height: 23px;\">\n<td style=\"width: 11.7816%; text-align: center; height: 23px;\"><span style=\"color: #000080;\">19.<\/span><\/td>\n<td style=\"width: 41.4367%; height: 23px;\">Jozef Giba\u013ea<\/td>\n<td style=\"width: 46.7816%; height: 23px;\">\u00a0<\/td>\n<\/tr>\n<tr style=\"height: 23px;\">\n<td style=\"width: 11.7816%; text-align: center; height: 23px;\"><span style=\"color: #000080;\">20.<\/span><\/td>\n<td style=\"width: 41.4367%; height: 23px;\">Marek Poprovsk\u00fd<\/td>\n<td style=\"width: 46.7816%; height: 23px;\">\u00a0<\/td>\n<\/tr>\n<tr style=\"height: 23px;\">\n<td style=\"width: 11.7816%; text-align: center; height: 23px;\"><span style=\"color: #000080;\">21.<\/span><\/td>\n<td style=\"width: 41.4367%; height: 23px;\">Andrea Sy\u010dov\u00e1<\/td>\n<td style=\"width: 46.7816%; height: 23px;\">\u00a0<\/td>\n<\/tr>\n<tr style=\"height: 23px;\">\n<td style=\"width: 11.7816%; text-align: center; height: 23px;\"><span style=\"color: #000080;\">22.<\/span><\/td>\n<td style=\"width: 41.4367%; height: 23px;\">Cyril Sy\u010d<\/td>\n<td style=\"width: 46.7816%; height: 23px;\">\u00a0<\/td>\n<\/tr>\n<tr style=\"height: 23px;\">\n<td style=\"width: 11.7816%; text-align: center; height: 23px;\"><span style=\"color: #000080;\">23.<\/span><\/td>\n<td style=\"width: 41.4367%; height: 23px;\">Peter Gonda<\/td>\n<td style=\"width: 46.7816%; height: 23px;\">\u00a0<\/td>\n<\/tr>\n<tr style=\"height: 23px;\">\n<td style=\"width: 11.7816%; text-align: center; height: 23px;\"><span style=\"color: #000080;\">24.<\/span><\/td>\n<td style=\"width: 41.4367%; height: 23px;\">Eric Vattier<\/td>\n<td style=\"width: 46.7816%; height: 23px;\">\u00a0<\/td>\n<\/tr>\n<tr style=\"height: 23px;\">\n<td style=\"width: 11.7816%; text-align: center; height: 23px;\"><span style=\"color: #000080;\">\u00a025.<\/span><\/td>\n<td style=\"width: 41.4367%; height: 23px;\">Patrik Kuvik<\/td>\n<td style=\"width: 46.7816%; height: 23px;\">\u00a0<\/td>\n<\/tr>\n<tr style=\"height: 23px;\">\n<td style=\"width: 11.7816%; text-align: center; height: 23px;\"><span style=\"color: #000080;\">\u00a026.<\/span><\/td>\n<td style=\"width: 41.4367%; height: 23px;\">Peter Hyriak<\/td>\n<td style=\"width: 46.7816%; height: 23px;\">\u00a0<\/td>\n<\/tr>\n<tr style=\"height: 23px;\">\n<td style=\"width: 11.7816%; text-align: center; height: 23px;\"><span style=\"color: #000080;\">\u00a027.<\/span><\/td>\n<td style=\"width: 41.4367%; height: 23px;\">Adam Hyriak<\/td>\n<td style=\"width: 46.7816%; height: 23px;\">\u00a0<\/td>\n<\/tr>\n<tr style=\"height: 23px;\">\n<td style=\"width: 11.7816%; text-align: center; height: 23px;\"><span style=\"color: #000080;\">\u00a028.<\/span><\/td>\n<td style=\"width: 41.4367%; height: 23px;\">Janka Kme\u0165ov\u00e1<\/td>\n<td style=\"width: 46.7816%; height: 23px;\">\u00a0<\/td>\n<\/tr>\n<tr>\n<td style=\"width: 11.7816%; text-align: center;\"><span style=\"color: #000080;\">29.<\/span><\/td>\n<td style=\"width: 41.4367%;\">Slavom\u00edr Bridi\u0161<\/td>\n<td style=\"width: 46.7816%;\">-odhl\u00e1sen\u00fd<\/td>\n<\/tr>\n<tr>\n<td style=\"width: 11.7816%; text-align: center;\"><span style=\"color: #000080;\">30.<\/span><\/td>\n<td style=\"width: 41.4367%;\">J\u00e1n Halu\u0161ka<\/td>\n<td style=\"width: 46.7816%;\">\u00a0<\/td>\n<\/tr>\n<tr style=\"height: 23px;\">\n<td style=\"width: 11.7816%; text-align: center; height: 23px;\"><span style=\"color: #000080;\">\u00a031.<\/span><\/td>\n<td style=\"width: 41.4367%; height: 23px;\">Roman Tak\u00e1\u010d<\/td>\n<td style=\"width: 46.7816%; height: 23px;\">\u00a0<\/td>\n<\/tr>\n<tr style=\"height: 23px;\">\n<td style=\"width: 11.7816%; text-align: center; height: 23px;\"><span style=\"color: #000080;\">\u00a032.<\/span><\/td>\n<td style=\"width: 41.4367%; height: 23px;\">Anton Pavelka<\/td>\n<td style=\"width: 46.7816%; height: 23px;\">\u00a0<\/td>\n<\/tr>\n<tr>\n<td style=\"width: 11.7816%; text-align: center;\"><span style=\"color: #000080;\">33.<\/span><\/td>\n<td style=\"width: 41.4367%;\">J\u00e1n Horansk\u00fd<\/td>\n<td style=\"width: 46.7816%;\">\u00a0<\/td>\n<\/tr>\n<tr>\n<td style=\"width: 11.7816%; text-align: center;\"><span style=\"color: #000080;\">34.<\/span><\/td>\n<td style=\"width: 41.4367%;\">Zdeno \u0160vantner<\/td>\n<td style=\"width: 46.7816%;\">\u00a0<\/td>\n<\/tr>\n<tr>\n<td style=\"width: 11.7816%; text-align: center;\"><span style=\"color: #000080;\">\u00a0<\/span><\/td>\n<td style=\"width: 41.4367%;\">\u00a0<\/td>\n<td style=\"width: 46.7816%;\">\u00a0<\/td>\n<\/tr>\n<\/tbody>\n<\/table>\n","protected":false},"excerpt":{"rendered":"<p>\u00a0 1. Matej Melicher \u00a0 2. D\u00e1vid Krella \u00a0 3. Martin Riapo\u0161 \u00a0 4. Vladim\u00edr Hron\u010dek \u00a0 5. J\u00e1n Harvanka st. &#8211; odhl\u00e1sen\u00fd 6. Peter Chabada \u00a0 7. Dominik Brozman \u00a0 8. Marek \u010eurica \u00a0 9. Jaroslav Tur\u010din \u00a0 10. Marian Haz\u00e1k \u00a0 11. Michal Rusko \u00a0 12. Jozef Piliar \u00a0 13. Marek Mucha \u00a0 <a href=\"https:\/\/www.srz-brezno.sk\/?page_id=3350\" rel=\"nofollow\"><span class=\"sr-only\">Pre\u010d\u00edta\u0165 viac o Zoznam prihl\u00e1sen\u00fdch pretek\u00e1rov<\/span>[&hellip;]<\/a><\/p>\n","protected":false},"author":1,"featured_media":0,"parent":0,"menu_order":0,"comment_status":"closed","ping_status":"closed","template":"","meta":{"footnotes":""},"class_list":["post-3350","page","type-page","status-publish","hentry"],"yoast_head":"<!-- This site is optimized with the Yoast SEO plugin v26.8 - https:\/\/yoast.com\/product\/yoast-seo-wordpress\/ -->\n<title>Zoznam prihl\u00e1sen\u00fdch pretek\u00e1rov - Mo SRZ Brezno<\/title>\n<meta name=\"robots\" content=\"index, follow, max-snippet:-1, max-image-preview:large, max-video-preview:-1\" \/>\n<link rel=\"canonical\" href=\"https:\/\/www.srz-brezno.sk\/?page_id=3350\" \/>\n<meta property=\"og:locale\" content=\"sk_SK\" \/>\n<meta property=\"og:type\" content=\"article\" \/>\n<meta property=\"og:title\" content=\"Zoznam prihl\u00e1sen\u00fdch pretek\u00e1rov - Mo SRZ Brezno\" \/>\n<meta property=\"og:description\" content=\"\u00a0 1. Matej Melicher \u00a0 2. D\u00e1vid Krella \u00a0 3. Martin Riapo\u0161 \u00a0 4. Vladim\u00edr Hron\u010dek \u00a0 5. J\u00e1n Harvanka st. &#8211; odhl\u00e1sen\u00fd 6. Peter Chabada \u00a0 7. Dominik Brozman \u00a0 8. Marek \u010eurica \u00a0 9. Jaroslav Tur\u010din \u00a0 10. Marian Haz\u00e1k \u00a0 11. Michal Rusko \u00a0 12. Jozef Piliar \u00a0 13. Marek Mucha \u00a0 Pre\u010d\u00edta\u0165 viac o Zoznam prihl\u00e1sen\u00fdch pretek\u00e1rov[&hellip;]\" \/>\n<meta property=\"og:url\" content=\"https:\/\/www.srz-brezno.sk\/?page_id=3350\" \/>\n<meta property=\"og:site_name\" content=\"Mo SRZ Brezno\" \/>\n<meta property=\"article:publisher\" content=\"https:\/\/www.facebook.com\/groups\/982456918436663\/?ref=bookmarks\" \/>\n<meta property=\"article:modified_time\" content=\"2022-06-10T14:04:41+00:00\" \/>\n<meta name=\"twitter:card\" content=\"summary_large_image\" \/>\n<script type=\"application\/ld+json\" class=\"yoast-schema-graph\">{\"@context\":\"https:\/\/schema.org\",\"@graph\":[{\"@type\":\"WebPage\",\"@id\":\"https:\/\/www.srz-brezno.sk\/?page_id=3350\",\"url\":\"https:\/\/www.srz-brezno.sk\/?page_id=3350\",\"name\":\"Zoznam prihl\u00e1sen\u00fdch pretek\u00e1rov - Mo SRZ Brezno\",\"isPartOf\":{\"@id\":\"https:\/\/www.srz-brezno.sk\/#website\"},\"datePublished\":\"2022-05-11T13:10:55+00:00\",\"dateModified\":\"2022-06-10T14:04:41+00:00\",\"breadcrumb\":{\"@id\":\"https:\/\/www.srz-brezno.sk\/?page_id=3350#breadcrumb\"},\"inLanguage\":\"sk-SK\",\"potentialAction\":[{\"@type\":\"ReadAction\",\"target\":[\"https:\/\/www.srz-brezno.sk\/?page_id=3350\"]}]},{\"@type\":\"BreadcrumbList\",\"@id\":\"https:\/\/www.srz-brezno.sk\/?page_id=3350#breadcrumb\",\"itemListElement\":[{\"@type\":\"ListItem\",\"position\":1,\"name\":\"Home\",\"item\":\"https:\/\/www.srz-brezno.sk\/\"},{\"@type\":\"ListItem\",\"position\":2,\"name\":\"Zoznam prihl\u00e1sen\u00fdch pretek\u00e1rov\"}]},{\"@type\":\"WebSite\",\"@id\":\"https:\/\/www.srz-brezno.sk\/#website\",\"url\":\"https:\/\/www.srz-brezno.sk\/\",\"name\":\"Mo SRZ Brezno\",\"description\":\"Dr. Clementisa 1217\/5 Brezno 977 01\",\"publisher\":{\"@id\":\"https:\/\/www.srz-brezno.sk\/#organization\"},\"potentialAction\":[{\"@type\":\"SearchAction\",\"target\":{\"@type\":\"EntryPoint\",\"urlTemplate\":\"https:\/\/www.srz-brezno.sk\/?s={search_term_string}\"},\"query-input\":{\"@type\":\"PropertyValueSpecification\",\"valueRequired\":true,\"valueName\":\"search_term_string\"}}],\"inLanguage\":\"sk-SK\"},{\"@type\":\"Organization\",\"@id\":\"https:\/\/www.srz-brezno.sk\/#organization\",\"name\":\"Mo SRZ Brezno\",\"url\":\"https:\/\/www.srz-brezno.sk\/\",\"logo\":{\"@type\":\"ImageObject\",\"inLanguage\":\"sk-SK\",\"@id\":\"https:\/\/www.srz-brezno.sk\/#\/schema\/logo\/image\/\",\"url\":\"https:\/\/www.srz-brezno.sk\/wp-content\/uploads\/2020\/03\/Screenshot_15.jpg\",\"contentUrl\":\"https:\/\/www.srz-brezno.sk\/wp-content\/uploads\/2020\/03\/Screenshot_15.jpg\",\"width\":1121,\"height\":790,\"caption\":\"Mo SRZ Brezno\"},\"image\":{\"@id\":\"https:\/\/www.srz-brezno.sk\/#\/schema\/logo\/image\/\"},\"sameAs\":[\"https:\/\/www.facebook.com\/groups\/982456918436663\/?ref=bookmarks\"]}]}<\/script>\n<!-- \/ Yoast SEO plugin. -->","yoast_head_json":{"title":"Zoznam prihl\u00e1sen\u00fdch pretek\u00e1rov - Mo SRZ Brezno","robots":{"index":"index","follow":"follow","max-snippet":"max-snippet:-1","max-image-preview":"max-image-preview:large","max-video-preview":"max-video-preview:-1"},"canonical":"https:\/\/www.srz-brezno.sk\/?page_id=3350","og_locale":"sk_SK","og_type":"article","og_title":"Zoznam prihl\u00e1sen\u00fdch pretek\u00e1rov - Mo SRZ Brezno","og_description":"\u00a0 1. Matej Melicher \u00a0 2. D\u00e1vid Krella \u00a0 3. Martin Riapo\u0161 \u00a0 4. Vladim\u00edr Hron\u010dek \u00a0 5. J\u00e1n Harvanka st. &#8211; odhl\u00e1sen\u00fd 6. Peter Chabada \u00a0 7. Dominik Brozman \u00a0 8. Marek \u010eurica \u00a0 9. Jaroslav Tur\u010din \u00a0 10. Marian Haz\u00e1k \u00a0 11. Michal Rusko \u00a0 12. Jozef Piliar \u00a0 13. Marek Mucha \u00a0 Pre\u010d\u00edta\u0165 viac o Zoznam prihl\u00e1sen\u00fdch pretek\u00e1rov[&hellip;]","og_url":"https:\/\/www.srz-brezno.sk\/?page_id=3350","og_site_name":"Mo SRZ Brezno","article_publisher":"https:\/\/www.facebook.com\/groups\/982456918436663\/?ref=bookmarks","article_modified_time":"2022-06-10T14:04:41+00:00","twitter_card":"summary_large_image","schema":{"@context":"https:\/\/schema.org","@graph":[{"@type":"WebPage","@id":"https:\/\/www.srz-brezno.sk\/?page_id=3350","url":"https:\/\/www.srz-brezno.sk\/?page_id=3350","name":"Zoznam prihl\u00e1sen\u00fdch pretek\u00e1rov - Mo SRZ Brezno","isPartOf":{"@id":"https:\/\/www.srz-brezno.sk\/#website"},"datePublished":"2022-05-11T13:10:55+00:00","dateModified":"2022-06-10T14:04:41+00:00","breadcrumb":{"@id":"https:\/\/www.srz-brezno.sk\/?page_id=3350#breadcrumb"},"inLanguage":"sk-SK","potentialAction":[{"@type":"ReadAction","target":["https:\/\/www.srz-brezno.sk\/?page_id=3350"]}]},{"@type":"BreadcrumbList","@id":"https:\/\/www.srz-brezno.sk\/?page_id=3350#breadcrumb","itemListElement":[{"@type":"ListItem","position":1,"name":"Home","item":"https:\/\/www.srz-brezno.sk\/"},{"@type":"ListItem","position":2,"name":"Zoznam prihl\u00e1sen\u00fdch pretek\u00e1rov"}]},{"@type":"WebSite","@id":"https:\/\/www.srz-brezno.sk\/#website","url":"https:\/\/www.srz-brezno.sk\/","name":"Mo SRZ Brezno","description":"Dr. Clementisa 1217\/5 Brezno 977 01","publisher":{"@id":"https:\/\/www.srz-brezno.sk\/#organization"},"potentialAction":[{"@type":"SearchAction","target":{"@type":"EntryPoint","urlTemplate":"https:\/\/www.srz-brezno.sk\/?s={search_term_string}"},"query-input":{"@type":"PropertyValueSpecification","valueRequired":true,"valueName":"search_term_string"}}],"inLanguage":"sk-SK"},{"@type":"Organization","@id":"https:\/\/www.srz-brezno.sk\/#organization","name":"Mo SRZ Brezno","url":"https:\/\/www.srz-brezno.sk\/","logo":{"@type":"ImageObject","inLanguage":"sk-SK","@id":"https:\/\/www.srz-brezno.sk\/#\/schema\/logo\/image\/","url":"https:\/\/www.srz-brezno.sk\/wp-content\/uploads\/2020\/03\/Screenshot_15.jpg","contentUrl":"https:\/\/www.srz-brezno.sk\/wp-content\/uploads\/2020\/03\/Screenshot_15.jpg","width":1121,"height":790,"caption":"Mo SRZ Brezno"},"image":{"@id":"https:\/\/www.srz-brezno.sk\/#\/schema\/logo\/image\/"},"sameAs":["https:\/\/www.facebook.com\/groups\/982456918436663\/?ref=bookmarks"]}]}},"_links":{"self":[{"href":"https:\/\/www.srz-brezno.sk\/index.php?rest_route=\/wp\/v2\/pages\/3350","targetHints":{"allow":["GET"]}}],"collection":[{"href":"https:\/\/www.srz-brezno.sk\/index.php?rest_route=\/wp\/v2\/pages"}],"about":[{"href":"https:\/\/www.srz-brezno.sk\/index.php?rest_route=\/wp\/v2\/types\/page"}],"author":[{"embeddable":true,"href":"https:\/\/www.srz-brezno.sk\/index.php?rest_route=\/wp\/v2\/users\/1"}],"replies":[{"embeddable":true,"href":"https:\/\/www.srz-brezno.sk\/index.php?rest_route=%2Fwp%2Fv2%2Fcomments&post=3350"}],"version-history":[{"count":30,"href":"https:\/\/www.srz-brezno.sk\/index.php?rest_route=\/wp\/v2\/pages\/3350\/revisions"}],"predecessor-version":[{"id":3594,"href":"https:\/\/www.srz-brezno.sk\/index.php?rest_route=\/wp\/v2\/pages\/3350\/revisions\/3594"}],"wp:attachment":[{"href":"https:\/\/www.srz-brezno.sk\/index.php?rest_route=%2Fwp%2Fv2%2Fmedia&parent=3350"}],"curies":[{"name":"wp","href":"https:\/\/api.w.org\/{rel}","templated":true}]}}